of 66266.
2, 17, 1949
What are the prime factors of 6876?
2, 3, 191
List the prime factors of 7182.
2, 3, 7, 19
What are the prime factors of 17764?
2, 4441
What are the prime factors of 43322?
2, 21661
List the prime factors of 1067.
11, 97
What are the prime factors of 5308?
2, 1327
List the prime factors of 21162.
2, 3, 3527
What are the prime factors of 1295?
5, 7, 37
List the prime factors of 54760.
2, 5, 37
List the prime factors of 1482.
2, 3, 13, 19
List the prime factors of 2801.
2801
List the prime factors of 8031.
3, 2677
What are the prime factors of 2859?
3, 953
What are the prime factors of 76900?
2, 5, 769
What are the prime factors of 63203?
7, 9029
List the prime factors of 749.
7, 107
What are the prime factors of 124312?
2, 41, 379
List the prime factors of 1189.
29, 41
List the prime factors of 56040.
2, 3, 5, 467
List the prime factors of 8177.
13, 17, 37
List the prime factors of 71.
71
List the prime factors of 16260.
2, 3, 5, 271
What are the prime factors of 33159?
3, 7, 1579
What are the prime factors of 22979?
11, 2089
List the prime factors of 51958.
2, 83, 313
What are the prime factors of 1598?
2, 17, 47
List the prime factors of 8846.
2, 4423
What are the prime factors of 10012?
2, 2503
What are the prime factors of 21948?
2, 3, 31, 59
List the prime factors of 1958.
2, 11, 89
List the prime factors of 1014.
2, 3, 13
What are the prime factors of 307?
307
What are the prime factors of 30827?
29, 1063
List the prime factors of 12425.
5, 7, 71
List the prime factors of 34.
2, 17
List the prime factors of 19366.
2, 23, 421
List the prime factors of 1389.
3, 463
List the prime factors of 6051.
3, 2017
List the prime factors of 67653.
3, 7517
What are the prime factors of 16096?
2, 503
List the prime factors of 23142.
2, 3, 7, 19, 29
List the prime factors of 1671.
3, 557
What are the prime factors of 12431?
31, 401
List the prime factors of 1768.
2, 13, 17
What are the prime factors of 3868?
2, 967
List the prime factors of 121246.
2, 60623
List the prime factors of 10157.
7, 1451
What are the prime factors of 1688?
2, 211
What are the prime factors of 988?
2, 13, 19
What are the prime factors of 76421?
76421
List the prime factors of 1329.
3, 443
What are the prime factors of 46217?
113, 409
List the prime factors of 178.
2, 89
What are the prime factors of 2303?
7, 47
List the prime factors of 191368.
2, 19, 1259
List the prime factors of 13345.
5, 17, 157
List the prime factors of 43132.
2, 41, 263
What are the prime factors of 104?
2, 13
List the prime factors of 5010.
2, 3, 5, 167
What are the prime factors of 31984?
2, 1999
What are the prime factors of 192802?
2, 96401
List the prime factors of 55910.
2, 5, 5591
List the prime factors of 1869.
3, 7, 89
What are the prime factors of 25557?
3, 7, 1217
What are the prime factors of 20894?
2, 31, 337
What are the prime factors of 360?
2, 3, 5
List the prime factors of 2291.
29, 79
What are the prime factors of 63430?
2, 5, 6343
List the prime factors of 18079.
101, 179
List the prime factors of 91510.
2, 5, 9151
What are the prime factors of 492?
2, 3, 41
List the prime factors of 7659.
3, 23, 37
What are the prime factors of 1671?
3, 557
List the prime factors of 8753.
8753
List the prime factors of 174.
2, 3, 29
List the prime factors of 3351.
3, 1117
What are the prime factors of 2035?
5, 11, 37
What are the prime factors of 53691?
3, 11, 1627
List the prime factors of 43.
43
What are the prime factors of 1969?
11, 179
List the prime factors of 45970.
2, 5, 4597
List the prime factors of 4399.
53, 83
List the prime factors of 707.
7, 101
What are the prime factors of 1419?
3, 11, 43
What are the prime factors of 99878?
2, 49939
List the prime factors of 577.
577
What are the prime factors of 8618?
2, 31, 139
List the prime factors of 7134.
2, 3, 29, 41
What are the prime factors of 6223?
7, 127
What are the prime factors of 1287?
3, 11, 13
List the prime factors of 488.
2, 61
What are the prime factors of 1232?
2, 7, 11
List the prime factors of 10484.
2, 2621
What are the prime factors of 1402?
2, 701
List the prime factors of 2349.
3, 29
What are the prime factors of 25706?
2, 12853
What are the prime factors of 650?
2, 5, 13
What are the prime factors of 91839?
3, 11, 23
List the prime factors of 10322.
2, 13, 397
What are the prime factors of 2304?
2, 3
What are the prime factors of 1783?
1783
What are the prime factors of 11659?
89, 131
List the prime factors of 2459.
2459
List the prime factors of 32903.
13, 2531
What are the prime factors of 363?
3, 11
List the prime factors of 4943.
4943
What are the prime factors of 730?
2, 5, 73
What are the prime factors of 110003?
41, 2683
List the prime factors of 1292.
2, 17, 19
List the prime factors of 1702.
2, 23, 37
List the prime factors of 29373.
3, 9791
List the prime factors of 27594.
2, 3, 7, 73
What are the prime factors of 22050?
2, 3, 5, 7
List the prime factors of 3323.
3323
List the prime factors of 12868.
2, 3217
List the prime factors of 890.
2, 5, 89
What are the prime factors of 76?
2, 19
List the prime factors of 24214.
2, 12107
List the prime factors of 24643.
19, 1297
List the prime factors of 1039.
1039
List the prime factors of 1460.
2, 5, 73
List the prime factors of 37333.
37, 1009
List the prime factors of 29627.
13, 43, 53
List the prime factors of 8691.
3, 2897
List the prime factors of 78661.
11, 7151
What are the prime factors of 47870?
2, 5, 4787
What are the prime factors of 10111?
10111
List the prime factors of 114431.
41, 2791
List the prime factors of 21665.
5, 7, 619
What are the prime factors of 5692?
2, 1423
List the prime factors of 12143.
12143
What are the prime factors of 4393?
23, 191
What are the prime factors of 71323?
7, 23, 443
List the prime factors of 52994.
2, 26497
List the prime factors of 2302.
2, 1151
What are the prime factors of 52986?
2, 3, 8831
What are the prime factors of 4672?
2, 73
List the prime factors of 8520.
2, 3, 5, 71
List the prime factors of 9565.
5, 1913
What are the prime factors of 12129?
3, 13, 311
What are the prime factors of 60826?
2, 17, 1789
What are the prime factors of 1454?
2, 727
List the prime factors of 196.
2, 7
What are the prime factors of 28490?
2, 5, 7, 11, 37
List the prime factors of 11452.
2, 7, 409
List the prime factors of 25991.
7, 47, 79
List the prime factors of 3480.
2, 3, 5, 29
What are the prime factors of 919?
919
List the prime factors of 23269.
23269
What are the prime factors of 1239?
3, 7, 59
List the prime factors of 791.
7, 113
What are the prime factors of 789?
3, 263
What are the prime factors of 761?
761
What are the prime factors of 14663?
11, 31, 43
List the prime factors of 8255.
5, 13, 127
What are the prime factors of 31627?
31627
What are the prime factors of 337?
337
List the prime factors of 33064.
2, 4133
What are the prime factors of 8873?
19, 467
What are the prime factors of 23938?
2, 11969
What are the prime factors of 32219?
11, 29, 101
List the prime factors of 502.
2, 251
List the prime factors of 876.
2, 3, 73
List the prime factors of 5537.
7, 113
List the prime factors of 6797.
7, 971
List the prime factors of 3080.
2, 5, 7, 11
List the prime factors of 18543.
3, 7, 883
What are the prime factors of 57029?
7, 8147
List the prime factors of 1134.
2, 3, 7
What are the prime factors of 7709?
13, 593
What are the prime factors of 4309?
31, 139
List the prime factors of 33877.
19, 1783
List the prime factors of 2021.
43, 47
What are the prime factors of 37901?
151, 251
What are the prime factors of 73825?
5, 2953
List the prime factors of 17592.
2, 3, 733
What are the prime factors of 32243?
19, 1697
List the prime factors of 2520.
2, 3, 5, 7
What are the prime factors of 33210?
2, 3, 5, 41
What are the prime factors of 1246?
2, 7, 89
List the prime factors of 8084.
2, 43, 47
List the prime factors of 1046.
2, 523
What are the prime factors of 1515?
3, 5, 101
List the prime factors of 2013.
3, 11, 61
What are the prime factors of 5977?
43, 139
What are the prime factors of 938?
2, 7, 67
What are the prime factors of 2245?
5, 449
What are the prime factors of 989?
23, 43
List the prime factors of 51735.
3, 5, 3449
List the prime factors of 56017.
13, 31, 139
List the prime factors of 9